tor of 1571?
False
Is 8942 a multiple of 23?
False
Is 5 a factor of 10?
True
Is 110 a factor of 2860?
True
Is 137 a factor of 8357?
True
Does 19 divide 76?
True
Does 5 divide 32100?
True
Is 117 a multiple of 2?
False
Is 1095 a multiple of 15?
True
Is 629 a multiple of 43?
False
Is 10 a factor of 1020?
True
Is 52 a factor of 7696?
True
Does 158 divide 34639?
False
Is 2391 a multiple of 64?
False
Is 21434 a multiple of 7?
True
Is 454 a multiple of 15?
False
Is 4 a factor of 75?
False
Is 152 a factor of 6080?
True
Is 646 even?
True
Is 19866 a multiple of 42?
True
Is 22 a factor of 929?
False
Does 11 divide 36630?
True
Is 22 a factor of 12606?
True
Is 10787 a multiple of 39?
False
Is 486 a multiple of 54?
True
Is 31 a factor of 1240?
True
Is 8 a factor of 3560?
True
Is 138 a multiple of 8?
False
Is 792 a multiple of 18?
True
Is 14 a factor of 630?
True
Is 7744 a multiple of 8?
True
Is 13 a factor of 835?
False
Does 25 divide 19225?
True
Is 90 a factor of 342?
False
Does 19 divide 333?
False
Is 11 a factor of 1418?
False
Is 1591 a multiple of 37?
True
Is 225 a multiple of 5?
True
Is 73 a factor of 31855?
False
Is 246 a multiple of 82?
True
Is 2065 a multiple of 35?
True
Is 476 a multiple of 29?
False
Does 31 divide 13596?
False
Is 789 even?
False
Does 16 divide 7856?
True
Does 95 divide 14790?
False
Is 3716 a multiple of 25?
False
Is 27 a factor of 6349?
False
Is 26 a factor of 2860?
True
Is 23 a factor of 6187?
True
Is 3728 a multiple of 107?
False
Is 52397 a multiple of 15?
False
Is 30876 a multiple of 62?
True
Does 27 divide 894?
False
Does 41 divide 164?
True
Is 33 a factor of 6421?
False
Does 13 divide 5512?
True
Is 1120 a multiple of 80?
True
Is 913 a multiple of 7?
False
Is 5222 a multiple of 13?
False
Does 8 divide 776?
True
Is 13 a factor of 78?
True
Is 129 a factor of 2940?
False
Is 7 a factor of 374?
False
Does 42 divide 8862?
True
Is 216 a multiple of 24?
True
Does 31 divide 1693?
False
Is 738 a multiple of 28?
False
Is 56866 a multiple of 32?
False
Does 16 divide 15792?
True
Is 92 a factor of 3009?
False
Is 2 a factor of 593?
False
Does 25 divide 1300?
True
Does 11 divide 65?
False
Is 98 a factor of 2646?
True
Does 24 divide 288?
True
Does 20 divide 700?
True
Does 57 divide 1425?
True
Does 4 divide 434?
False
Does 2 divide 2549?
False
Does 162 divide 10368?
True
Is 9 a factor of 96?
False
Is 29 a factor of 834?
False
Does 27 divide 21951?
True
Is 784 a multiple of 49?
True
Does 5 divide 78?
False
Is 7217 a multiple of 7?
True
Is 709 a multiple of 19?
False
Does 23 divide 132588?
False
Is 39 a factor of 40014?
True
Is 5852 a multiple of 15?
False
Is 189 a multiple of 33?
False
Is 13 a factor of 2301?
True
Does 123 divide 738?
True
Is 3 a factor of 135?
True
Is 20 a factor of 1443?
False
Is 13 a factor of 50115?
True
Is 56816 a multiple of 105?
False
Is 2405 a multiple of 5?
True
Does 5 divide 177?
False
Does 181 divide 38781?
False
Is 110 a multiple of 31?
False
Does 30 divide 8368?
False
Is 852 a multiple of 12?
True
Is 373 a multiple of 15?
False
Is 11 a factor of 561?
True
Is 8 a factor of 3136?
True
Is 320 a multiple of 20?
True
Is 45 a factor of 3052?
False
Does 74 divide 1332?
True
Is 58 a factor of 290?
True
Is 4 a factor of 1976?
True
Is 44 a factor of 10692?
True
Is 65860 a multiple of 148?
True
Is 100 a multiple of 5?
True
Is 72128 a multiple of 16?
True
Is 2749 a multiple of 11?
False
Is 99188 a multiple of 17?
False
Is 6 a factor of 4242?
True
Does 29 divide 13567?
False
Is 21 a factor of 6699?
True
Is 30 a factor of 1563?
False
Is 238 a multiple of 20?
False
Is 4 a factor of 147?
False
Is 552 a multiple of 2?
True
Is 93 a factor of 10571?
False
Does 55 divide 4070?
True
Does 27 divide 1755?
True
Is 2106 a multiple of 78?
True
Is 14 a factor of 17826?
False
Is 95970 a multiple of 15?
True
Does 155 divide 49600?
True
Is 6574 a multiple of 45?
False
Is 29 a factor of 1928?
False
Does 26 divide 1586?
True
Is 54855 a multiple of 35?
False
Is 6298 a multiple of 67?
True
Is 14839 a multiple of 18?
False
Does 12 divide 22404?
True
Is 84705 a multiple of 15?
True
Does 23 divide 1242?
True
Is 25 a factor of 18600?
True
Does 34 divide 9818?
False
Is 31388 a multiple of 28?
True
Is 15662 a multiple of 8?
False
Is 121 a factor of 5324?
True
Is 306 a multiple of 18?
True
Is 9 a factor of 621?
True
Is 13 a factor of 27311?
False
Is 15 a factor of 8070?
True
Is 6 a factor of 11580?
True
Does 93 divide 1582?
False
Does 131 divide 2726?
False
Is 58 a factor of 4388?
False
Is 10 a factor of 6380?
True
Is 86 a factor of 20202?
False
Does 60 divide 53580?
True
Is 22303 a multiple of 15?
False
Is 9 a factor of 513?
True
Is 19 a factor of 7500?
False
Is 34 a factor of 170?
True
Is 7488 a multiple of 21?
False
Is 5084 a multiple of 11?
False
Is 14 a factor of 512?
False
Does 14 divide 4535?
False
Does 14 divide 55734?
True
Does 145 divide 2755?
True
Is 378 a multiple of 27?
True
Is 47578 a multiple of 26?
False
Does 25 divide 27625?
True
Does 230 divide 2760?
True
Is 1512 a multiple of 63?
True
Is 787 a multiple of 38?
False
Is 24 a factor of 26365?
False
Does 128 divide 7424?
True
Is 120206 a multiple of 265?
False
Does 13 divide 17355?
True
Does 24 divide 801?
False
Is 1080 a multiple of 60?
True
Does 38 divide 1444?
True
Does 26 divide 780?
True
Is 4 a factor of 1497?
False
Is 16 a factor of 720?
True
Is 18 a factor of 9324?
True
Is 44220 a multiple of 10?
True
Does 87 divide 2088?
True
Is 41 a factor of 33866?
True
Is 1404 a multiple of 36?
True
Does 124 divide 861?
False
Is 2525 a multiple of 3?
False
Does 10 divide 544?
False
Is 3 a factor of 288?
True
Is 768 a multiple of 16?
True
Does 6 divide 636?
True
Is 36 a factor of 17928?
True
Is 10 a multiple of 5?
True
Does 17 divide 4271?
False
Is 135 a multiple of 5?
True
Does 115 divide 33350?
True
Is 44 a factor of 12035?
False
Is 28 a factor of 327?
False
Is 897 a multiple of 13?
True
Is 11 a factor of 6566?
False
Does 61 divide 32513?
True
Is 15 a factor of 407?
False
Does 19 divide 1875?
False
Is 95 a factor of 1140?
True
Is 18 a factor of 7200?
True
Does 29 divide 319?
True
Is 4 a factor of 2113?
False
Is 17 a factor of 9503?
True
Is 24 a factor of 7992?
True
Is 5968 a multiple of 16?
True
Is 43 a factor of 1580?
False
Is 21024 a multiple of 12?
True
Does 19 divide 95?
True
Does 20 divide 79?
False
Is 257 a multiple of 51?
False
Is 54 a factor of 28944?
True
Is 4 a factor of 2325?
False
Is 109 a factor of 1183?
False
Is 2649 a multiple of 42?
False
Is 61 a factor of 3570?
False
Is 542 a multiple of 129?
False
Is 41 a factor of 30914?
True
Is 99 a multiple of 9?
True
Does 79 divide 3719?
False
Does 16 divide 35518?
False
Does 55 divide 17600?
True
Is 9 a factor of 4847?
False
Is 2 a factor of 15607?
False
Does 13 divide 13563?
False
Does 20 divide 7716?
False
Is 55 a factor of 4070?
True
Is 63 a factor of 21637?
False
Does 11 divide 351?
False
Does 12 divide 11613?
False
Is 40 a factor of 2143?
False
Does 43 divide 31633?
False
Is 18509 a multiple of 10?
False
Does 34 divide 37264?
True
Is 17 a factor of 179?
False
Does 64 divide 7616?
True
Is 2644 a multiple of 55?
False
Is 24635 a multiple of 7?
False
Is 26 a factor of 783?
False
Is 331 a factor of 16881?
True
Is 75141 a multiple of 9?
True
Is 44 a factor of 9358?
False
Is 12 a factor of 208?
False
Is 1679 a multiple of 73?
True
Does 15 divide 50655?
True
Is 15 a multiple of 8?
False
Is 75408 a multiple of 6?
True
Is 10 a factor of 1850?
True
Does 168 divide 1008?
True
Does 4 divide 1080?
True
Is 17 a factor of 4239?
False
Does 7 divide 21?
True
Is 2001 a multiple of 23?
True
Does 48 divide 577?
False
Is 170 a factor of 56605?
False
Does 13 divide 1602?
False
Is 1961 a multiple of 81?
False
Does 25 divide 3743?
False
Is 19874 a multiple of 182?
False
Does 44 divide 4752?
True
Does 76 divide 3420?
True
Does 14 divide 1300?
False
Is 4597 a multiple of 4?
False
Is 11 a factor of 1326?
False
Is 7210 a multiple of 107?
False
Is 13 a factor of 41501?
False
Is 1034 a multiple of 8?
False
Is 21 a factor of 25?
False
Is 22 a factor of 25454?
True
Is 5 a factor of 255?
True
Is 6 a factor of 4612?
False
Is 4934 a multiple of 31?
False
Does 55 divide 52614?
False
Does 64 divide 978?
False
Is 7504 a multiple of 67?
True
Is 33736 a multiple of 51?
